nits digit of s?
0
Let h(q) = q**2 + 10*q + 26. Let p be h(-6). Suppose 31*i - 1028 = 30*i + p*z, 2*i + 4*z = 2032. What is the units digit of i?
2
Let z(l) = 0*l**2 + 3*l + 6*l**2 - 4*l**2 + 20. Let m = -47 - -53. What is the tens digit of z(m)?
1
Let o(s) = 3*s - 19*s - 53 - 2*s. What is the hundreds digit of o(-29)?
4
Let p = -15 + 14. Let y be (-1)/(-4)*-2*(1 + p). Suppose 9*c - 7*c - 246 = y. What is the tens digit of c?
2
Let v(d) = -24005*d - 557. What is the tens digit of v(-1)?
4
Let n(v) = v - 4. Let g be n(4). Suppose -12*y + 16*y - 8 = g. What is the units digit of y?
2
Suppose -19*s + 242 = 774. Let n be 45870/35*s/4. What is the hundreds digit of (n/24)/(-11)*4?
1
Suppose 3*c + 3 = 0, 4*p - 39*c + 44*c - 101715 = 0. What is the ten thousands digit of p?
2
Let r(x) = -x**3 - 8*x**2 - 2. Let h(w) = -8*w**3 + 3*w**2 - 2*w. Let q be h(1). Let o be r(q). Let a = 160 + o. What is the units digit of a?
9
Suppose 0 = 65047*k - 65011*k - 1915812. What is the thousands digit of k?
3
What is the ten thousands digit of (-1411917)/82*4/(-6)?
1
Let g be ((-3 - -2) + 1)/(1 - 3). Let z be 161/((-21)/(-3)) - (1 - g). Let w = 5 + z. What is the units digit of w?
7
What is the thousands digit of 8 + 3380 + (-14)/2 + 0?
3
Let l be ((-4)/12)/(11/(-132)). Suppose -3 = -z, l*g - 20*z + 16*z - 1180 = 0. What is the tens digit of g?
9
Suppose -3*a = a + 696. Let p = a + 296. Suppose 10 + p = 4*g. What is the tens digit of g?
3
What is the tens digit of 1195/(-5)*1991/(77/(-7))?
5
Let v(b) = -2 + 663*b**2 + 4*b + 413*b**2 + 374*b**2 - 3*b - 34*b**2. What is the units digit of v(1)?
5
Let l(r) = 16*r + 2. Let f(w) = -2*w**2 - 44*w + 25. Let o be f(-23). Let u be ((-60)/(-35) - 2) + (-153)/o. What is the hundreds digit of l(u)?
1
Let u = -102 - -102. Suppose u = -4*z + 5*l + 47, -2*z - 3*l + 41 = -2*l. Let h = z + 82. What is the units digit of h?
0
Let z = -117 - -130. Suppose 20*y - z*y - 2569 = 0. What is the tens digit of y?
6
Let n = -68 + 70. Suppose n*y = -4*g - y + 89, 0 = -3*g - 3*y + 69. What is the tens digit of g*((-2)/4 + 1)?
1
Let u(h) = h**2 + 3*h + 6. Let b be u(6). Suppose 19*x = 700 + 3. Let z = x + b. What is the tens digit of z?
9
Let z(i) = -3*i - 15. Let a be z(-7). Let m be (-10)/15 + (-1358)/a. Let t = m + 327. What is the tens digit of t?
0
Let k be (7 - -2 - 2) + (-3 - -1). Suppose k*f = -2*u + 805, 5*f - f - 2*u - 644 = 0. What is the tens digit of f?
6
Let w(k) = -k**3 + 5*k**2 + 7*k + 3. Let i be w(6). Let s be (-1)/((-19)/i - -2). Let p = s - -4. What is the units digit of p?
3
Suppose -9 = -4*i - 5, 0 = -2*d + 3*i + 1. Suppose -5 - 7 = -d*n. What is the units digit of n/10*1*5 - -107?
0
What is the units digit of 3 - ((-172403)/42 - (-4)/(-24))?
8
Let w = -224 + 413. Suppose 2*p - 8*l = -4*l + 142, 5*p - 319 = l. Suppose -p - w = -3*o. What is the units digit of o?
4
Suppose 0 = 34*n + 4761 + 3399. What is the units digit of (n/(-400))/((-3)/(-4145))?
9
Let d(v) = -5*v + 14*v + 3*v - 2*v**2 + v**3 - 11. Let u(n) = -923*n + 10159. Let t be u(11). What is the hundreds digit of d(t)?
2
Let t be (-16)/64 + ((-6277)/(-4) - 2). Let r = t - 618. What is the hundreds digit of r?
9
Suppose 4*d - 8*d + 20 = 0. Suppose 2*r = -3*q + 318, 0 = -2*r - r + 3*q + 447. Suppose -d*l + 5*i + r = -1017, -5*i = -4*l + 937. What is the units digit of l?
3
Let x be 36/(-21)*(-294)/63. What is the tens digit of (-9)/(-36) - (-606)/x?
7
Let x(g) be the third derivative of g**5/15 + 5*g**4/3 - 7*g**3/2 + 2*g**2 - 30*g. What is the units digit of x(-15)?
9
Let r(v) = -v - 4. Let u be r(-9). Suppose u*l - 20 + 0 = 0. Suppose -4*j - l*o = -592, 4*j + 5*o - 136 = 451. What is the units digit of j?
3
Suppose -2*k = -2*v + 98 - 10, 5*k - 10 = 0. Let w = v - 22. What is the units digit of (39/12 - 1)*w?
4
Let u be 1/(-4 + 14/4). What is the hundreds digit of (4305/(-42))/(1*u/8)?
4
Suppose 0 = -4*i + 32, 234*t - 4*i - 40662 = 232*t. What is the ten thousands digit of t?
2
What is the ten thousands digit of ((-5230)/(-6))/((3/(-7))/(1683/(-77)))?
4
Let k(z) = -z**3 - 5*z**2 + 5*z. Let y be k(-8). Suppose 2*c + 6 = 0, -4*h + 30 = -2*c - y. What is the units digit of h?
4
Let n = -3705 - -7316. What is the hundreds digit of n?
6
Suppose 7*r = -86204 + 467032. What is the ten thousands digit of r?
5
Let w(t) = -t**3 - 8*t**2 + 9*t + 5. Let c = 16 - 25. Let j be w(c). Suppose j*q - 155 = 240. What is the units digit of q?
9
Let p(n) be the third derivative of 5*n**4/6 - 25*n**3/6 + 4*n**2. Let o be p(8). Suppose -52 = -z + 2*m, -2*m - o = -3*z - 3*m. What is the units digit of z?
6
Suppose 186*t + 3*a = 181*t + 105658, -84528 = -4*t - 2*a. What is the thousands digit of t?
1
Let m(j) = 14*j**2 + 3*j - 5. Let f be m(2). Let i = 346 - f. What is the units digit of i?
9
What is the units digit of 0 + 4 + -32*(0 + (-16440)/12)?
4
Let r = 167 - 161. What is the units digit of (-30056)/130*(-15)/r?
8
What is the tens digit of 37401 - (0 + -4 + 6 + (4 - 9))?
0
Let c = 68475 - 22702. What is the units digit of c?
3
Suppose 27 = 3*h, -5808 = -m - 3*h + 28248. What is the tens digit of m?
2
Suppose -4*a + 6516 = -2*y, a - y + 3*y - 1634 = 0. Let s = a + 187. What is the thousands digit of s?
1
Suppose -3*q + 4*l = -10, q - 4*l - 6 + 8 = 0. Suppose -q*n + 9*n = -57. Let h(d) = d**3 + 21*d**2 + 35*d + 42. What is the units digit of h(n)?
9
Suppose 5*q - 15*f + 11*f - 4625 = 0, -3*q = -4*f - 2767. Let w = q - 188. What is the hundreds digit of w?
7
Suppose 0 = 4*s + 5*u - 576, 3*u + 608 = 36*s - 32*s. Let c = 111 + s. What is the tens digit of c?
6
Let x(y) = 97*y**2 + 2*y + 1. Let h = 216 + -218. What is the hundreds digit of x(h)?
3
Let i(a) be the first derivative of -a**4/2 - 8*a**3/3 + 3*a**2 + 11*a + 47. What is the hundreds digit of i(-6)?
1
Suppose 0*f + 4*f = q - 21, 3*f = -4*q + 8. Let m(v) = 361*v + 6. Let b be m(q). Suppose 12*k = b + 265. What is the tens digit of k?
7
Let m(k) = 7*k**3 + 3*k**2 - k. Let w = -267 - -270. What is the units digit of m(w)?
3
Let v(s) = 7*s**2 + s. Let i be v(-1). Let m = 2 - i. What is the units digit of ((-1)/(3/3))/(m/140)?
5
Suppose 4*o + 8 = -b, -4*o + 4 = 3*b - 6*o. Suppose 146*l - 154*l + 8280 = b. What is the units digit of l?
5
Let j be (-11)/(-4) + (-4)/(-16). Suppose 3*u + p = 19, -p - 18 = -2*u - j*p. Suppose -z = f - 3, -u*f + 13 - 38 = 0. What is the units digit of z?
8
What is the units digit of (-104277)/(-24) - 33/(-264)?
5
Suppose 2*l + 0 = 4*g - 6, 7 = 4*g - 3*l. Suppose -1 - g = 3*m + 2*s, 2*s = -5*m - 10. What is the tens digit of (-32 - m)*(-3 - -2)?
2
Suppose 21*k - 259 = 14*k. Let u(l) = 8*l - 80. What is the hundreds digit of u(k)?
2
Let x(j) = 4*j**3 + 2*j**2 - 17*j + 171. What is the hundreds digit of x(10)?
2
Suppose 30425 = 6*o - 16195. What is the hundreds digit of o?
7
Let c(s) = -7419*s - 1153. What is the units digit of c(-1)?
6
Let z be 2/3*(2354 - -7). Let o = z - 745. What is the hundreds digit of o?
8
Let s = 11891 - 5061. What is the tens digit of s?
3
Suppose -22318 = -5*w - 18*g, 2*w - w = -2*g + 4462. What is the hundreds digit of w?
4
Let n be (1339/4)/((-15)/(-60)). Suppose 2*m - n = -3*f, 5*m - 5*f - 3342 = -7*f. Suppose 2*g + 5*d - 656 = -2*g, -4*g = 2*d - m. What is the tens digit of g?
6
Suppose 3*t + 4*t - 3331 = 4460. What is the tens digit of t?
1
Let v(z) be the third derivative of z**6/8 + z**4/24 + z**3/6 - 4*z**2. Let s be v(-1). What is the tens digit of 67/3*(-5)/(s/9)?
6
Suppose 5*s + 32426 = 6*f - 4*f, 3*f - 48658 = -2*s. What is the tens digit of f?
1
Let j be (25/40)/((-6)/(-3 - 45)). Let k(f) be the second derivative of -f**4/12 + 5*f**3/2 + 5*f**2/2 + f. What is the units digit of k(j)?
5
Let h = -17519 - -26150. What is the units digit of h?
1
Let z(s) = -8641*s**3 + s**2 - 23*s - 22. What is the units digit of z(-1)?
3
Suppose -249*s - 165831 = -54*s - 3515541. What is the thousands digit of s?
7
What is the tens digit of 239207/6 + 461/2766?
6
Let y(o) = -416*o + 4436. What is the thousands digit of y(-5)?
6
Suppose b - 174 = -2*b. Let j(w) = -4*w**2 - 10 + b*w**3 - 57*w**3 - w + 2*w. What is the units digit of j(6)?
8
Suppose 679 = 3*y - 443. Let m = 781 - y. What is the units digit of m?
7
Let r = -8846 + 13754. What is the hundreds digit of r?
9
Suppose 9402*j - 9